hat is -4 + -6917?
-691b
In base 4, what is -110232 + 322?
-103310
In base 11, what is -11 + -158a?
-15a0
In base 14, what is 189 + -183?
6
In base 5, what is 20 - -31142420?
31142440
In base 6, what is 1 - -152114?
152115
In base 3, what is 11121010001202 - -1?
11121010001210
In base 12, what is -5507 + -3?
-550a
In base 4, what is 21133120 - -2?
21133122
In base 10, what is 38543 - -57?
38600
In base 13, what is 2 - -1377a?
1377c
In base 15, what is -11639 - 2?
-1163b
In base 5, what is 3400121 - -3?
3400124
In base 8, what is 53077 + 54?
53153
In base 16, what is -179 + 11b?
-5e
In base 15, what is -1b91 - -2e?
-1b62
In base 6, what is -13403 + -154?
-14001
In base 7, what is 24014624 + -1?
24014623
In base 3, what is 211 + 22211121?
22212102
In base 8, what is -116755 - 6?
-116763
In base 3, what is -2 + -22012111112?
-22012111121
In base 9, what is 35136 - -1?
35137
In base 12, what is 768 + -38b?
399
In base 13, what is 1b95 - -7?
1b9c
In base 16, what is 3d5 - -a15?
dea
In base 8, what is 522761 + 4?
522765
In base 5, what is 31022 - -1?
31023
In base 3, what is 10 - -1010202200112?
1010202200122
In base 16, what is -5 - 20ce1?
-20ce6
In base 3, what is 112 + -211011010?
-211010121
In base 5, what is 32212 - -22?
32234
In base 5, what is -2 - 2030210?
-2030212
In base 13, what is 14 - 59b?
-587
In base 3, what is -1212100122 - -12221?
-1212010201
In base 16, what is 18e644 + -2?
18e642
In base 10, what is 8 - -18650?
18658
In base 7, what is -1414 - 150?
-1564
In base 11, what is -498 + -7a13?
-8400
In base 16, what is 23 + -964?
-941
In base 11, what is 0 - -a838?
a838
In base 3, what is 1210 - 11012122?
-11010212
In base 16, what is 28ba + -84?
2836
In base 7, what is 1554 + -303?
1251
In base 14, what is a7 - -12a05?
12aac
In base 7, what is -531 - 124?
-655
In base 15, what is 49 - 1c3?
-179
In base 5, what is -32 + -231201?
-231233
In base 4, what is 22 + 212112203?
212112231
In base 12, what is 11589 - -1?
1158a
In base 15, what is -1743 + 25?
-171d
In base 15, what is 1783a + 4?
1783e
In base 14, what is -276 + 21?
-255
In base 4, what is -2233 + -22?
-2321
In base 2, what is -1111000 + -10000000?
-11111000
In base 3, what is 102110020021 - -1?
102110020022
In base 15, what is -1b8dd - -11?
-1b8cc
In base 7, what is 3 + 202064?
202100
In base 13, what is 0 + -1663b4?
-1663b4
In base 13, what is 2062 - 1a?
2045
In base 2, what is 111101001111010001 - 100?
111101001111001101
In base 12, what is -10209 + -1?
-1020a
In base 9, what is 3 - 1800?
-1786
In base 6, what is -4 + 3201205?
3201201
In base 13, what is 1 - 4bc2?
-4bc1
In base 4, what is 3 + 120201110?
120201113
In base 11, what is 5 + a88527?
a88531
In base 13, what is -2 - b40?
-b42
In base 11, what is 2 + 3010a?
30111
In base 3, what is 0 + -20221110?
-20221110
In base 4, what is 1201 - -1112303?
1120110
In base 7, what is 216313 - 1?
216312
In base 11, what is -1440a50 + -2?
-1440a52
In base 2, what is 10010011000 - -101101001110?
111111100110
In base 11, what is 10720 - -60?
10780
In base 4, what is 0 + -111002?
-111002
In base 10, what is 3 + -322156?
-322153
In base 12, what is b3075 + -4?
b3071
In base 10, what is 1 + -7999?
-7998
In base 9, what is -46 - 3010?
-3056
In base 14, what is -6c2 - -c?
-6b4
In base 4, what is 221030131213 + 3?
221030131222
In base 6, what is -1312 + 155?
-1113
In base 8, what is 10 + 56201?
56211
In base 3, what is 122221 + 12010?
212001
In base 9, what is -5 - -57607?
57602
In base 11, what is 25 - 2138?
-2113
In base 7, what is 0 - 16002?
-16002
In base 3, what is 11220 + 11111210?
11200200
In base 3, what is 2 + 100022112220?
100022112222
In base 8, what is 16 + 151674?
151712
In base 6, what is -1 + 224555?
224554
In base 8, what is -3454 - -15?
-3437
In base 9, what is -45046 + -3?
-45050
In base 10, what is -4 + -11865?
-11869
In base 5, what is -1014 + 1140?
121
In base 9, what is 4800 - -34?
4834
In base 10, what is 18442 + -4?
18438
In base 2, what is 100110101110001 - -100?
100110101110101
In base 14, what is 14145 + -5?
14140
In base 3, what is 2211 + -22200022?
-22120111
In base 11, what is -2935 + 3?
-2932
In base 4, what is -123 + 103313?
103130
In base 7, what is -102622 - -244?
-102345
In base 2, what is -100010010111 - -10011011?
-11111111100
In base 8, what is 5 - 12610?
-12603
In base 10, what is 1 - 241108?
-241107
In base 8, what is -2150762 + -5?
-2150767
In base 10, what is -13440390 - 1?
-13440391
In base 10, what is -299 + -581?
-880
In base 2, what is -111100001001 - -1111000?
-111010010001
In base 12, what is -10711a - -1?
-107119
In base 6, what is 31311 - -405?
32120
In base 11, what is a - 179748?
-179739
In base 13, what is 12977 + -2?
12975
In base 4, what is -2131021 + 21332?
-2103023
In base 8, what is -2022733 + 1?
-2022732
In base 15, what is 24 - -1a9?
1cd
In base 2, what is 10011001000 + 111100?
10100000100
In base 11, what is -3 - -15485?
15482
In base 10, what is 118823 + 0?
118823
In base 4, what is -300333 + -310?
-301303
In base 3, what is -2012221210 + -12120?
-2020011100
In base 12, what is 11864 + 97?
1193b
In base 16, what is 3 + 1f4c?
1f4f
In base 3, what is 1222202 + 120202?
2120111
In base 16, what is -71c0 - a?
-71ca
In base 10, what is 77 + 5835?
5912
In base 6, what is 135 - 121?
14
In base 11, what is -3552a - 5?
-35534
In base 11, what is 16394 + 3?
16397
In base 4, what is -1 - -13020132?
13020131
In base 16, what is -2249 - -b?
-223e
In base 11, what is 980664 - -4?
980668
In base 6, what is -2 + 1151011?
1151005
In base 3, what is 10122021112 + 10?
10122021122
In base 5, what is 4 + 41422?
41431
In base 15, what is 50dc4 + -d?
50db6
In base 15, what is 3 + 113d8?
113db
In base 12, what is 31 - 4?
29
In base 14, what is -71a - -8a1?
185
In base 2, what is -1001101001100 + 110011110?
-1000110101110
In base 12, what is 1973 - 1?
1972
In base 13, what is -2 + 108a1?
1089c
In base 10, what is -628601 - -5?
-628596
In base 15, what is 46be5 + -11?
46bd4
In base 2, what is -11000011001001011 + -100?
-11000011001001111
In base 11, what is -2a + 1a45?
1a16
In base 3, what is 10000 + 1111122122?
1111202122
In base 2, what is -1 + 110101110001110000?
110101110001101111
In base 9, what is 404 + 28?
433
In base 13, what is 9 + 972?
97b
In base 7, what is 41115 + 34?
41152
In base 13, what is 97a58 - 2?
97a56
In base 5, what is 10300 - 1024?
4221
In base 15, what is 375 + -28?
34c
In base 6, what is 1535 + 4?
1543
In base 10, what is -139903 - 5?
-139908
In base 2, what is 11001011111001111101 + 101?
11001011111010000010
In base 3, what is 21 - 211100221?
-211100200
In base 16, what is 2 - b84?
-b82
In base 7, what is 20404 + -5?
20366
In base 8, what is 133 + -200?
-45
In base 6, what is 25 - 1422410?
-1422341
In base 15, what is -2ca + 24?
-2a6
In base 8, what is -2265 - -111?
-2154
In base 4, what is -2 + 2200012?
2200010
In base 8, what is -16 - -16525?
16507
In base 2, what is 1101111000111 - 1110?
1101110111001
In base 11, what is 224 + 36?
25a
In base 2, what is -11110110001100 - 1?
-11110110001101
In base 4, what is 202 - -2032?
2300
In base 2, what is -1110010011111101 - -101?
-1110010011111000
In base 2, what is -10 + -110101001011110?
-110101001100000
In base 16, what is 4 - 35a7?
-35a3
In base 6, what is -1 - -4314242?
4314241
In base 4, what is 12 - -121201002?
121201020
In base 12, what is 156 + 1069?
1203
In base 14, what is 75 + -2b1?
-23a
In base 2, what is 0 + -11011101000011?
-11011101000011
In base 4, what is 212033132 - -1?
212033133
In base 14, what is 23a3c - -7?
23a45
In base 6, what is 3 - -504342?
504345
In base 15, what is -5ee9e - 3?
-5eea2
In base 2, what is -1110010110101010000110 - -10?
-1110010110101010000100
In base 4, what is -33021303 - 2?
-33021311
In base 3, what is 100201 + -10000111?
-2122210
In base 2, what is -1 + -111010110100000?
-111010110100001
In base 12, what is -183 + -b6?
-279
In base 5, what is 123 - 22000?
-21322
In base 14, what is 4 + -490d?
-4909
In base 5, what is 3 - 411143?
-411140
In base 5, what is -203244 - 100?
-203344
In base 8, what is 50 - -2021?
2071
In base 11, what is -93 + 14933?
14850
In base 15, what is -c6e + 8?
-c66
In base 12, what is -35391 + -16?
-353a7
In base 7, what is -16063 + 220?
-15543
In base 8, what is 5 + -77